{"id":9547,"date":"2025-09-04T15:35:34","date_gmt":"2025-09-04T15:35:34","guid":{"rendered":"https:\/\/erasmus.com.co\/Erasmus\/producto\/cpc-100\/"},"modified":"2025-11-27T18:11:30","modified_gmt":"2025-11-27T18:11:30","slug":"omicron-cpc-100","status":"publish","type":"product","link":"https:\/\/erasmus.com.co\/Erasmus\/producto\/omicron-cpc-100\/","title":{"rendered":"CPC-100"},"content":{"rendered":"<p><strong>El CPC 100 de Omicron<\/strong> es un sistema avanzado de pruebas que reemplaza m\u00faltiples dispositivos individuales, reduciendo costos operativos y mejorando la eficiencia en la puesta en servicio y mantenimiento de subestaciones el\u00e9ctricas. Su uso simplificado mediante un panel frontal integrado o a trav\u00e9s del software Primary Test Manager\u2122 (PTM) en computadora port\u00e1til ofrece gran flexibilidad. Este equipo permite realizar pruebas r\u00e1pidas y precisas, siendo esencial para t\u00e9cnicos y operadores en el campo de la energ\u00eda el\u00e9ctrica, optimizando tanto el tiempo como los recursos.<\/p>\n","protected":false},"excerpt":{"rendered":"<h3><strong>Caracter\u00edsticas Principales:<\/strong><\/h3>\n<ul>\n<li>&#8220;Capaz de realizar pruebas de corriente y tensi\u00f3n en equipos de protecci\u00f3n.<\/li>\n<li>Ofrece hasta 120 A de corriente y 500 V de tensi\u00f3n para pruebas de alta capacidad.<\/li>\n<li>Permite realizar pruebas de rel\u00e9s, transformadores, interruptores y otros dispositivos el\u00e9ctricos.<\/li>\n<li>Dise\u00f1o compacto y ligero\u00a0(solo 29 kg)\u00a0para facilitar el transporte y uso en campo.<\/li>\n<li>Interfaz intuitiva con pantalla t\u00e1ctil para un control f\u00e1cil y preciso durante las pruebas.<\/li>\n<li>Compatible con software de prueba Omicron como Test Universe para automatizar y gestionar las pruebas.<\/li>\n<li>Soporta m\u00faltiples tipos de pruebas, como pruebas de protecci\u00f3n, pruebas de contacto, pruebas de transformadores y m\u00e1s.<\/li>\n<li>Proporciona mediciones de alta precisi\u00f3n y confiabilidad en el an\u00e1lisis de equipos el\u00e9ctricos.<\/li>\n<li>Hasta 800 A o 2000 V con hasta 5 kVA en un rango de frecuencias de 15 Hz \u2013 400 Hz o 400 A de CC.<\/li>\n<li>Excelente supresi\u00f3n de interferencias que facilita las mediciones de peque\u00f1as se\u00f1ales.<\/li>\n<li>Plantillas de pruebas, procedimientos de prueba e informes de pruebas generados autom\u00e1ticamente.<\/li>\n<li>Hasta 2000 A o 12 kV \/ 15 kV con el uso de amplificadores de corriente o tensi\u00f3n.&#8221;<\/li>\n<\/ul>\n<p><img decoding=\"async\" class=\"alignnone wp-image-9704 \" src=\"https:\/\/erasmus.com.co\/Erasmus\/wp-content\/uploads\/2025\/09\/icono_pdf-1.png\" alt=\"\" width=\"38\" height=\"37\" srcset=\"https:\/\/erasmus.com.co\/Erasmus\/wp-content\/uploads\/2025\/09\/icono_pdf-1.png 149w, https:\/\/erasmus.com.co\/Erasmus\/wp-content\/uploads\/2025\/09\/icono_pdf-1-12x12.png 12w, https:\/\/erasmus.com.co\/Erasmus\/wp-content\/uploads\/2025\/09\/icono_pdf-1-100x100.png 100w\" sizes=\"(max-width: 38px) 100vw, 38px\" \/><strong>Descarga la Ficha T\u00e9cnica<\/strong> <a href=\"https:\/\/erasmus.com.co\/Erasmus\/wp-content\/uploads\/2025\/02\/CPC-100-Brochure-ESP.pdf\" target=\"_blank\" rel=\"noopener\"><strong>aqu\u00ed<\/strong><\/a><\/p>\n","protected":false},"featured_media":4804,"template":"","meta":{"_acf_changed":false},"product_brand":[40],"product_cat":[42],"product_tag":[],"class_list":{"0":"post-9547","1":"product","2":"type-product","3":"status-publish","4":"has-post-thumbnail","6":"product_brand-omicron","7":"product_cat-omicron","9":"first","10":"instock","11":"shipping-taxable","12":"product-type-simple"},"acf":[],"yoast_head":"<!-- This site is optimized with the Yoast SEO Premium plugin v24.6 (Yoast SEO v24.6) - https:\/\/yoast.com\/wordpress\/plugins\/seo\/ -->\n<title>CPC-100 (Omicron) - Erasmus Colombia<\/title>\n<meta name=\"description\" content=\"El CPC 100 de Omicron es un sistema avanzado de pruebas que reemplaza m\u00faltiples dispositivos individuales, reduciendo costos operativos y mejorando la eficiencia en la puesta en servicio y mantenimiento de subestaciones el\u00e9ctricas.\" \/>\n<meta name=\"robots\" content=\"index, follow, max-snippet:-1, max-image-preview:large, max-video-preview:-1\" \/>\n<link rel=\"canonical\" href=\"https:\/\/erasmus.com.co\/Erasmus\/producto\/omicron-cpc-100\/\" \/>\n<meta property=\"og:locale\" content=\"es_ES\" \/>\n<meta property=\"og:type\" content=\"article\" \/>\n<meta property=\"og:title\" content=\"CPC-100\" \/>\n<meta property=\"og:description\" content=\"El CPC 100 de Omicron es un sistema avanzado de pruebas que reemplaza m\u00faltiples dispositivos individuales, reduciendo costos operativos y mejorando la eficiencia en la puesta en servicio y mantenimiento de subestaciones el\u00e9ctricas.\" \/>\n<meta property=\"og:url\" content=\"https:\/\/erasmus.com.co\/Erasmus\/producto\/omicron-cpc-100\/\" \/>\n<meta property=\"og:site_name\" content=\"Erasmus Colombia\" \/>\n<meta property=\"article:modified_time\" content=\"2025-11-27T18:11:30+00:00\" \/>\n<meta property=\"og:image\" content=\"https:\/\/erasmus.com.co\/Erasmus\/wp-content\/uploads\/2025\/02\/Thumbnail_Omicron_CPC-100.png\" \/>\n\t<meta property=\"og:image:width\" content=\"1278\" \/>\n\t<meta property=\"og:image:height\" content=\"959\" \/>\n\t<meta property=\"og:image:type\" content=\"image\/png\" \/>\n<meta name=\"twitter:card\" content=\"summary_large_image\" \/>\n<meta name=\"twitter:label1\" content=\"Tiempo de lectura\" \/>\n\t<meta name=\"twitter:data1\" content=\"1 minuto\" \/>\n<script type=\"application\/ld+json\" class=\"yoast-schema-graph\">{\"@context\":\"https:\/\/schema.org\",\"@graph\":[{\"@type\":\"WebPage\",\"@id\":\"https:\/\/erasmus.com.co\/Erasmus\/producto\/omicron-cpc-100\/\",\"url\":\"https:\/\/erasmus.com.co\/Erasmus\/producto\/omicron-cpc-100\/\",\"name\":\"CPC-100 (Omicron) - Erasmus Colombia\",\"isPartOf\":{\"@id\":\"https:\/\/erasmus.com.co\/Erasmus\/#website\"},\"primaryImageOfPage\":{\"@id\":\"https:\/\/erasmus.com.co\/Erasmus\/producto\/omicron-cpc-100\/#primaryimage\"},\"image\":{\"@id\":\"https:\/\/erasmus.com.co\/Erasmus\/producto\/omicron-cpc-100\/#primaryimage\"},\"thumbnailUrl\":\"https:\/\/erasmus.com.co\/Erasmus\/wp-content\/uploads\/2025\/02\/Thumbnail_Omicron_CPC-100.png\",\"datePublished\":\"2025-09-04T15:35:34+00:00\",\"dateModified\":\"2025-11-27T18:11:30+00:00\",\"description\":\"El CPC 100 de Omicron es un sistema avanzado de pruebas que reemplaza m\u00faltiples dispositivos individuales, reduciendo costos operativos y mejorando la eficiencia en la puesta en servicio y mantenimiento de subestaciones el\u00e9ctricas.\",\"breadcrumb\":{\"@id\":\"https:\/\/erasmus.com.co\/Erasmus\/producto\/omicron-cpc-100\/#breadcrumb\"},\"inLanguage\":\"es-CO\",\"potentialAction\":[{\"@type\":\"ReadAction\",\"target\":[\"https:\/\/erasmus.com.co\/Erasmus\/producto\/omicron-cpc-100\/\"]}]},{\"@type\":\"ImageObject\",\"inLanguage\":\"es-CO\",\"@id\":\"https:\/\/erasmus.com.co\/Erasmus\/producto\/omicron-cpc-100\/#primaryimage\",\"url\":\"https:\/\/erasmus.com.co\/Erasmus\/wp-content\/uploads\/2025\/02\/Thumbnail_Omicron_CPC-100.png\",\"contentUrl\":\"https:\/\/erasmus.com.co\/Erasmus\/wp-content\/uploads\/2025\/02\/Thumbnail_Omicron_CPC-100.png\",\"width\":1278,\"height\":959},{\"@type\":\"BreadcrumbList\",\"@id\":\"https:\/\/erasmus.com.co\/Erasmus\/producto\/omicron-cpc-100\/#breadcrumb\",\"itemListElement\":[{\"@type\":\"ListItem\",\"position\":1,\"name\":\"Home\",\"item\":\"https:\/\/erasmus.com.co\/Erasmus\/\"},{\"@type\":\"ListItem\",\"position\":2,\"name\":\"Tienda\",\"item\":\"https:\/\/erasmus.com.co\/Erasmus\/tienda\/\"},{\"@type\":\"ListItem\",\"position\":3,\"name\":\"CPC-100\"}]},{\"@type\":\"WebSite\",\"@id\":\"https:\/\/erasmus.com.co\/Erasmus\/#website\",\"url\":\"https:\/\/erasmus.com.co\/Erasmus\/\",\"name\":\"Erasmus Colombia\",\"description\":\"Ofrecemos productos y servicios de excelencia para el Sector Industrial\",\"publisher\":{\"@id\":\"https:\/\/erasmus.com.co\/Erasmus\/#organization\"},\"potentialAction\":[{\"@type\":\"SearchAction\",\"target\":{\"@type\":\"EntryPoint\",\"urlTemplate\":\"https:\/\/erasmus.com.co\/Erasmus\/?s={search_term_string}\"},\"query-input\":{\"@type\":\"PropertyValueSpecification\",\"valueRequired\":true,\"valueName\":\"search_term_string\"}}],\"inLanguage\":\"es-CO\"},{\"@type\":\"Organization\",\"@id\":\"https:\/\/erasmus.com.co\/Erasmus\/#organization\",\"name\":\"Erasmus Colombia\",\"url\":\"https:\/\/erasmus.com.co\/Erasmus\/\",\"logo\":{\"@type\":\"ImageObject\",\"inLanguage\":\"es-CO\",\"@id\":\"https:\/\/erasmus.com.co\/Erasmus\/#\/schema\/logo\/image\/\",\"url\":\"https:\/\/erasmus.com.co\/Erasmus\/wp-content\/uploads\/2023\/02\/cropped-cropped-logo_erasmus.png\",\"contentUrl\":\"https:\/\/erasmus.com.co\/Erasmus\/wp-content\/uploads\/2023\/02\/cropped-cropped-logo_erasmus.png\",\"width\":817,\"height\":163,\"caption\":\"Erasmus Colombia\"},\"image\":{\"@id\":\"https:\/\/erasmus.com.co\/Erasmus\/#\/schema\/logo\/image\/\"}}]}<\/script>\n<!-- \/ Yoast SEO Premium plugin. -->","yoast_head_json":{"title":"CPC-100 (Omicron) - Erasmus Colombia","description":"El CPC 100 de Omicron es un sistema avanzado de pruebas que reemplaza m\u00faltiples dispositivos individuales, reduciendo costos operativos y mejorando la eficiencia en la puesta en servicio y mantenimiento de subestaciones el\u00e9ctricas.","robots":{"index":"index","follow":"follow","max-snippet":"max-snippet:-1","max-image-preview":"max-image-preview:large","max-video-preview":"max-video-preview:-1"},"canonical":"https:\/\/erasmus.com.co\/Erasmus\/producto\/omicron-cpc-100\/","og_locale":"es_ES","og_type":"article","og_title":"CPC-100","og_description":"El CPC 100 de Omicron es un sistema avanzado de pruebas que reemplaza m\u00faltiples dispositivos individuales, reduciendo costos operativos y mejorando la eficiencia en la puesta en servicio y mantenimiento de subestaciones el\u00e9ctricas.","og_url":"https:\/\/erasmus.com.co\/Erasmus\/producto\/omicron-cpc-100\/","og_site_name":"Erasmus Colombia","article_modified_time":"2025-11-27T18:11:30+00:00","og_image":[{"width":1278,"height":959,"url":"https:\/\/erasmus.com.co\/Erasmus\/wp-content\/uploads\/2025\/02\/Thumbnail_Omicron_CPC-100.png","type":"image\/png"}],"twitter_card":"summary_large_image","twitter_misc":{"Tiempo de lectura":"1 minuto"},"schema":{"@context":"https:\/\/schema.org","@graph":[{"@type":"WebPage","@id":"https:\/\/erasmus.com.co\/Erasmus\/producto\/omicron-cpc-100\/","url":"https:\/\/erasmus.com.co\/Erasmus\/producto\/omicron-cpc-100\/","name":"CPC-100 (Omicron) - Erasmus Colombia","isPartOf":{"@id":"https:\/\/erasmus.com.co\/Erasmus\/#website"},"primaryImageOfPage":{"@id":"https:\/\/erasmus.com.co\/Erasmus\/producto\/omicron-cpc-100\/#primaryimage"},"image":{"@id":"https:\/\/erasmus.com.co\/Erasmus\/producto\/omicron-cpc-100\/#primaryimage"},"thumbnailUrl":"https:\/\/erasmus.com.co\/Erasmus\/wp-content\/uploads\/2025\/02\/Thumbnail_Omicron_CPC-100.png","datePublished":"2025-09-04T15:35:34+00:00","dateModified":"2025-11-27T18:11:30+00:00","description":"El CPC 100 de Omicron es un sistema avanzado de pruebas que reemplaza m\u00faltiples dispositivos individuales, reduciendo costos operativos y mejorando la eficiencia en la puesta en servicio y mantenimiento de subestaciones el\u00e9ctricas.","breadcrumb":{"@id":"https:\/\/erasmus.com.co\/Erasmus\/producto\/omicron-cpc-100\/#breadcrumb"},"inLanguage":"es-CO","potentialAction":[{"@type":"ReadAction","target":["https:\/\/erasmus.com.co\/Erasmus\/producto\/omicron-cpc-100\/"]}]},{"@type":"ImageObject","inLanguage":"es-CO","@id":"https:\/\/erasmus.com.co\/Erasmus\/producto\/omicron-cpc-100\/#primaryimage","url":"https:\/\/erasmus.com.co\/Erasmus\/wp-content\/uploads\/2025\/02\/Thumbnail_Omicron_CPC-100.png","contentUrl":"https:\/\/erasmus.com.co\/Erasmus\/wp-content\/uploads\/2025\/02\/Thumbnail_Omicron_CPC-100.png","width":1278,"height":959},{"@type":"BreadcrumbList","@id":"https:\/\/erasmus.com.co\/Erasmus\/producto\/omicron-cpc-100\/#breadcrumb","itemListElement":[{"@type":"ListItem","position":1,"name":"Home","item":"https:\/\/erasmus.com.co\/Erasmus\/"},{"@type":"ListItem","position":2,"name":"Tienda","item":"https:\/\/erasmus.com.co\/Erasmus\/tienda\/"},{"@type":"ListItem","position":3,"name":"CPC-100"}]},{"@type":"WebSite","@id":"https:\/\/erasmus.com.co\/Erasmus\/#website","url":"https:\/\/erasmus.com.co\/Erasmus\/","name":"Erasmus Colombia","description":"Ofrecemos productos y servicios de excelencia para el Sector Industrial","publisher":{"@id":"https:\/\/erasmus.com.co\/Erasmus\/#organization"},"potentialAction":[{"@type":"SearchAction","target":{"@type":"EntryPoint","urlTemplate":"https:\/\/erasmus.com.co\/Erasmus\/?s={search_term_string}"},"query-input":{"@type":"PropertyValueSpecification","valueRequired":true,"valueName":"search_term_string"}}],"inLanguage":"es-CO"},{"@type":"Organization","@id":"https:\/\/erasmus.com.co\/Erasmus\/#organization","name":"Erasmus Colombia","url":"https:\/\/erasmus.com.co\/Erasmus\/","logo":{"@type":"ImageObject","inLanguage":"es-CO","@id":"https:\/\/erasmus.com.co\/Erasmus\/#\/schema\/logo\/image\/","url":"https:\/\/erasmus.com.co\/Erasmus\/wp-content\/uploads\/2023\/02\/cropped-cropped-logo_erasmus.png","contentUrl":"https:\/\/erasmus.com.co\/Erasmus\/wp-content\/uploads\/2023\/02\/cropped-cropped-logo_erasmus.png","width":817,"height":163,"caption":"Erasmus Colombia"},"image":{"@id":"https:\/\/erasmus.com.co\/Erasmus\/#\/schema\/logo\/image\/"}}]}},"_links":{"self":[{"href":"https:\/\/erasmus.com.co\/Erasmus\/wp-json\/wp\/v2\/product\/9547","targetHints":{"allow":["GET"]}}],"collection":[{"href":"https:\/\/erasmus.com.co\/Erasmus\/wp-json\/wp\/v2\/product"}],"about":[{"href":"https:\/\/erasmus.com.co\/Erasmus\/wp-json\/wp\/v2\/types\/product"}],"wp:featuredmedia":[{"embeddable":true,"href":"https:\/\/erasmus.com.co\/Erasmus\/wp-json\/wp\/v2\/media\/4804"}],"wp:attachment":[{"href":"https:\/\/erasmus.com.co\/Erasmus\/wp-json\/wp\/v2\/media?parent=9547"}],"wp:term":[{"taxonomy":"product_brand","embeddable":true,"href":"https:\/\/erasmus.com.co\/Erasmus\/wp-json\/wp\/v2\/product_brand?post=9547"},{"taxonomy":"product_cat","embeddable":true,"href":"https:\/\/erasmus.com.co\/Erasmus\/wp-json\/wp\/v2\/product_cat?post=9547"},{"taxonomy":"product_tag","embeddable":true,"href":"https:\/\/erasmus.com.co\/Erasmus\/wp-json\/wp\/v2\/product_tag?post=9547"}],"curies":[{"name":"wp","href":"https:\/\/api.w.org\/{rel}","templated":true}]}}