{"id":9556,"date":"2025-09-04T15:35:41","date_gmt":"2025-09-04T15:35:41","guid":{"rendered":"https:\/\/erasmus.com.co\/Erasmus\/producto\/daneo-400\/"},"modified":"2025-11-27T17:51:33","modified_gmt":"2025-11-27T17:51:33","slug":"daneo-400","status":"publish","type":"product","link":"https:\/\/erasmus.com.co\/Erasmus\/producto\/daneo-400\/","title":{"rendered":"DANEO 400"},"content":{"rendered":"<p><strong>El DANEO 400 de Omicron<\/strong> es un sistema h\u00edbrido de medici\u00f3n que analiza se\u00f1ales convencionales (tensiones, corrientes y se\u00f1ales binarias) y mensajes de red en subestaciones el\u00e9ctricas. Adem\u00e1s de medir estas se\u00f1ales, proporciona informaci\u00f3n sobre su correcta coordinaci\u00f3n. Controla las condiciones operativas y comunicaciones en la subestaci\u00f3n, y, al usarse en sistemas distribuidos de protecci\u00f3n, permite una vista sincronizada de todas las se\u00f1ales con alta precisi\u00f3n. Se configura y controla mediante el software DANEO Control o su interfaz web, facilitando su operaci\u00f3n y monitoreo remoto.<\/p>\n","protected":false},"excerpt":{"rendered":"<h3><strong>Caracter\u00edsticas Principales:<\/strong><\/h3>\n<ul>\n<li>&#8220;Sistema h\u00edbrido de medici\u00f3n que captura tanto se\u00f1ales convencionales como mensajes de red de comunicaciones.<\/li>\n<li>Medici\u00f3n y an\u00e1lisis de tensiones, corrientes y se\u00f1ales binarias cableadas.<\/li>\n<li>Monitoreo de las comunicaciones de la subestaci\u00f3n, evaluando su correcta coordinaci\u00f3n.<\/li>\n<li>Permite obtener una vista sincronizada de todas las se\u00f1ales en un sistema distribuido de protecci\u00f3n y automatizaci\u00f3n.<\/li>\n<li>Sincronizaci\u00f3n precisa de las unidades de medici\u00f3n, asegurando consistencia en los datos.<\/li>\n<li>Configuraci\u00f3n y control a trav\u00e9s del software de PC DANEO Control o mediante un interfaz web.<\/li>\n<li>Proporciona informaci\u00f3n detallada sobre el estado operacional y de las comunicaciones en la subestaci\u00f3n.<\/li>\n<li>Sincronizaci\u00f3n de unidades con alta precisi\u00f3n para la medici\u00f3n de se\u00f1ales distribuidas.<\/li>\n<li>Soporte para m\u00faltiples tipos de se\u00f1ales: tensiones, corrientes, se\u00f1ales binarias y mensajes de red de comunicaciones.<\/li>\n<li>Adquisici\u00f3n de datos de comunicaci\u00f3n con capacidad para evaluar su coordinaci\u00f3n en sistemas de protecci\u00f3n.<\/li>\n<li>Capacidades de comunicaci\u00f3n remota a trav\u00e9s del interfaz web. Configuraci\u00f3n flexible que permite personalizar la medici\u00f3n y el an\u00e1lisis seg\u00fan las necesidades espec\u00edficas de la subestaci\u00f3n.<\/li>\n<li>Software de control f\u00e1cil de usar para la configuraci\u00f3n y supervisi\u00f3n del sistema.<\/li>\n<li>Alta capacidad de adquisici\u00f3n de datos, permitiendo mediciones precisas de se\u00f1ales operacionales y de comunicaci\u00f3n simult\u00e1neamente.&#8221;<\/li>\n<\/ul>\n<p><img decoding=\"async\" class=\"alignnone wp-image-9704 \" src=\"https:\/\/erasmus.com.co\/Erasmus\/wp-content\/uploads\/2025\/09\/icono_pdf-1.png\" alt=\"\" width=\"38\" height=\"37\" srcset=\"https:\/\/erasmus.com.co\/Erasmus\/wp-content\/uploads\/2025\/09\/icono_pdf-1.png 149w, https:\/\/erasmus.com.co\/Erasmus\/wp-content\/uploads\/2025\/09\/icono_pdf-1-12x12.png 12w, https:\/\/erasmus.com.co\/Erasmus\/wp-content\/uploads\/2025\/09\/icono_pdf-1-100x100.png 100w\" sizes=\"(max-width: 38px) 100vw, 38px\" \/><strong>Descarga la Ficha T\u00e9cnica<\/strong> <a href=\"https:\/\/erasmus.com.co\/Erasmus\/wp-content\/uploads\/2025\/02\/DANEO-400-brochure-ESP.pdf\" target=\"_blank\" rel=\"noopener\"><strong>aqu\u00ed<\/strong><\/a><\/p>\n","protected":false},"featured_media":4933,"template":"","meta":{"_acf_changed":false},"product_brand":[40],"product_cat":[42],"product_tag":[],"class_list":{"0":"post-9556","1":"product","2":"type-product","3":"status-publish","4":"has-post-thumbnail","6":"product_brand-omicron","7":"product_cat-omicron","9":"first","10":"instock","11":"shipping-taxable","12":"product-type-simple"},"acf":[],"yoast_head":"<!-- This site is optimized with the Yoast SEO Premium plugin v24.6 (Yoast SEO v24.6) - https:\/\/yoast.com\/wordpress\/plugins\/seo\/ -->\n<title>DANEO 400 (Omicron) - Erasmus Colombia<\/title>\n<meta name=\"description\" content=\"El DANEO 400 de Omicron es un sistema h\u00edbrido de medici\u00f3n que analiza se\u00f1ales convencionales y mensajes de red en subestaciones el\u00e9ctricas.\" \/>\n<meta name=\"robots\" content=\"index, follow, max-snippet:-1, max-image-preview:large, max-video-preview:-1\" \/>\n<link rel=\"canonical\" href=\"https:\/\/erasmus.com.co\/Erasmus\/producto\/daneo-400\/\" \/>\n<meta property=\"og:locale\" content=\"es_ES\" \/>\n<meta property=\"og:type\" content=\"article\" \/>\n<meta property=\"og:title\" content=\"DANEO 400\" \/>\n<meta property=\"og:description\" content=\"El DANEO 400 de Omicron es un sistema h\u00edbrido de medici\u00f3n que analiza se\u00f1ales convencionales y mensajes de red en subestaciones el\u00e9ctricas.\" \/>\n<meta property=\"og:url\" content=\"https:\/\/erasmus.com.co\/Erasmus\/producto\/daneo-400\/\" \/>\n<meta property=\"og:site_name\" content=\"Erasmus Colombia\" \/>\n<meta property=\"article:modified_time\" content=\"2025-11-27T17:51:33+00:00\" \/>\n<meta property=\"og:image\" content=\"https:\/\/erasmus.com.co\/Erasmus\/wp-content\/uploads\/2025\/02\/Omicron_DANEO-400.png\" \/>\n\t<meta property=\"og:image:width\" content=\"1982\" \/>\n\t<meta property=\"og:image:height\" content=\"1487\" \/>\n\t<meta property=\"og:image:type\" content=\"image\/png\" \/>\n<meta name=\"twitter:card\" content=\"summary_large_image\" \/>\n<meta name=\"twitter:label1\" content=\"Tiempo de lectura\" \/>\n\t<meta name=\"twitter:data1\" content=\"1 minuto\" \/>\n<script type=\"application\/ld+json\" class=\"yoast-schema-graph\">{\"@context\":\"https:\/\/schema.org\",\"@graph\":[{\"@type\":\"WebPage\",\"@id\":\"https:\/\/erasmus.com.co\/Erasmus\/producto\/daneo-400\/\",\"url\":\"https:\/\/erasmus.com.co\/Erasmus\/producto\/daneo-400\/\",\"name\":\"DANEO 400 (Omicron) - Erasmus Colombia\",\"isPartOf\":{\"@id\":\"https:\/\/erasmus.com.co\/Erasmus\/#website\"},\"primaryImageOfPage\":{\"@id\":\"https:\/\/erasmus.com.co\/Erasmus\/producto\/daneo-400\/#primaryimage\"},\"image\":{\"@id\":\"https:\/\/erasmus.com.co\/Erasmus\/producto\/daneo-400\/#primaryimage\"},\"thumbnailUrl\":\"https:\/\/erasmus.com.co\/Erasmus\/wp-content\/uploads\/2025\/02\/Omicron_DANEO-400.png\",\"datePublished\":\"2025-09-04T15:35:41+00:00\",\"dateModified\":\"2025-11-27T17:51:33+00:00\",\"description\":\"El DANEO 400 de Omicron es un sistema h\u00edbrido de medici\u00f3n que analiza se\u00f1ales convencionales y mensajes de red en subestaciones el\u00e9ctricas.\",\"breadcrumb\":{\"@id\":\"https:\/\/erasmus.com.co\/Erasmus\/producto\/daneo-400\/#breadcrumb\"},\"inLanguage\":\"es-CO\",\"potentialAction\":[{\"@type\":\"ReadAction\",\"target\":[\"https:\/\/erasmus.com.co\/Erasmus\/producto\/daneo-400\/\"]}]},{\"@type\":\"ImageObject\",\"inLanguage\":\"es-CO\",\"@id\":\"https:\/\/erasmus.com.co\/Erasmus\/producto\/daneo-400\/#primaryimage\",\"url\":\"https:\/\/erasmus.com.co\/Erasmus\/wp-content\/uploads\/2025\/02\/Omicron_DANEO-400.png\",\"contentUrl\":\"https:\/\/erasmus.com.co\/Erasmus\/wp-content\/uploads\/2025\/02\/Omicron_DANEO-400.png\",\"width\":1982,\"height\":1487},{\"@type\":\"BreadcrumbList\",\"@id\":\"https:\/\/erasmus.com.co\/Erasmus\/producto\/daneo-400\/#breadcrumb\",\"itemListElement\":[{\"@type\":\"ListItem\",\"position\":1,\"name\":\"Home\",\"item\":\"https:\/\/erasmus.com.co\/Erasmus\/\"},{\"@type\":\"ListItem\",\"position\":2,\"name\":\"Tienda\",\"item\":\"https:\/\/erasmus.com.co\/Erasmus\/tienda\/\"},{\"@type\":\"ListItem\",\"position\":3,\"name\":\"DANEO 400\"}]},{\"@type\":\"WebSite\",\"@id\":\"https:\/\/erasmus.com.co\/Erasmus\/#website\",\"url\":\"https:\/\/erasmus.com.co\/Erasmus\/\",\"name\":\"Erasmus Colombia\",\"description\":\"Ofrecemos productos y servicios de excelencia para el Sector Industrial\",\"publisher\":{\"@id\":\"https:\/\/erasmus.com.co\/Erasmus\/#organization\"},\"potentialAction\":[{\"@type\":\"SearchAction\",\"target\":{\"@type\":\"EntryPoint\",\"urlTemplate\":\"https:\/\/erasmus.com.co\/Erasmus\/?s={search_term_string}\"},\"query-input\":{\"@type\":\"PropertyValueSpecification\",\"valueRequired\":true,\"valueName\":\"search_term_string\"}}],\"inLanguage\":\"es-CO\"},{\"@type\":\"Organization\",\"@id\":\"https:\/\/erasmus.com.co\/Erasmus\/#organization\",\"name\":\"Erasmus Colombia\",\"url\":\"https:\/\/erasmus.com.co\/Erasmus\/\",\"logo\":{\"@type\":\"ImageObject\",\"inLanguage\":\"es-CO\",\"@id\":\"https:\/\/erasmus.com.co\/Erasmus\/#\/schema\/logo\/image\/\",\"url\":\"https:\/\/erasmus.com.co\/Erasmus\/wp-content\/uploads\/2023\/02\/cropped-cropped-logo_erasmus.png\",\"contentUrl\":\"https:\/\/erasmus.com.co\/Erasmus\/wp-content\/uploads\/2023\/02\/cropped-cropped-logo_erasmus.png\",\"width\":817,\"height\":163,\"caption\":\"Erasmus Colombia\"},\"image\":{\"@id\":\"https:\/\/erasmus.com.co\/Erasmus\/#\/schema\/logo\/image\/\"}}]}<\/script>\n<!-- \/ Yoast SEO Premium plugin. -->","yoast_head_json":{"title":"DANEO 400 (Omicron) - Erasmus Colombia","description":"El DANEO 400 de Omicron es un sistema h\u00edbrido de medici\u00f3n que analiza se\u00f1ales convencionales y mensajes de red en subestaciones el\u00e9ctricas.","robots":{"index":"index","follow":"follow","max-snippet":"max-snippet:-1","max-image-preview":"max-image-preview:large","max-video-preview":"max-video-preview:-1"},"canonical":"https:\/\/erasmus.com.co\/Erasmus\/producto\/daneo-400\/","og_locale":"es_ES","og_type":"article","og_title":"DANEO 400","og_description":"El DANEO 400 de Omicron es un sistema h\u00edbrido de medici\u00f3n que analiza se\u00f1ales convencionales y mensajes de red en subestaciones el\u00e9ctricas.","og_url":"https:\/\/erasmus.com.co\/Erasmus\/producto\/daneo-400\/","og_site_name":"Erasmus Colombia","article_modified_time":"2025-11-27T17:51:33+00:00","og_image":[{"width":1982,"height":1487,"url":"https:\/\/erasmus.com.co\/Erasmus\/wp-content\/uploads\/2025\/02\/Omicron_DANEO-400.png","type":"image\/png"}],"twitter_card":"summary_large_image","twitter_misc":{"Tiempo de lectura":"1 minuto"},"schema":{"@context":"https:\/\/schema.org","@graph":[{"@type":"WebPage","@id":"https:\/\/erasmus.com.co\/Erasmus\/producto\/daneo-400\/","url":"https:\/\/erasmus.com.co\/Erasmus\/producto\/daneo-400\/","name":"DANEO 400 (Omicron) - Erasmus Colombia","isPartOf":{"@id":"https:\/\/erasmus.com.co\/Erasmus\/#website"},"primaryImageOfPage":{"@id":"https:\/\/erasmus.com.co\/Erasmus\/producto\/daneo-400\/#primaryimage"},"image":{"@id":"https:\/\/erasmus.com.co\/Erasmus\/producto\/daneo-400\/#primaryimage"},"thumbnailUrl":"https:\/\/erasmus.com.co\/Erasmus\/wp-content\/uploads\/2025\/02\/Omicron_DANEO-400.png","datePublished":"2025-09-04T15:35:41+00:00","dateModified":"2025-11-27T17:51:33+00:00","description":"El DANEO 400 de Omicron es un sistema h\u00edbrido de medici\u00f3n que analiza se\u00f1ales convencionales y mensajes de red en subestaciones el\u00e9ctricas.","breadcrumb":{"@id":"https:\/\/erasmus.com.co\/Erasmus\/producto\/daneo-400\/#breadcrumb"},"inLanguage":"es-CO","potentialAction":[{"@type":"ReadAction","target":["https:\/\/erasmus.com.co\/Erasmus\/producto\/daneo-400\/"]}]},{"@type":"ImageObject","inLanguage":"es-CO","@id":"https:\/\/erasmus.com.co\/Erasmus\/producto\/daneo-400\/#primaryimage","url":"https:\/\/erasmus.com.co\/Erasmus\/wp-content\/uploads\/2025\/02\/Omicron_DANEO-400.png","contentUrl":"https:\/\/erasmus.com.co\/Erasmus\/wp-content\/uploads\/2025\/02\/Omicron_DANEO-400.png","width":1982,"height":1487},{"@type":"BreadcrumbList","@id":"https:\/\/erasmus.com.co\/Erasmus\/producto\/daneo-400\/#breadcrumb","itemListElement":[{"@type":"ListItem","position":1,"name":"Home","item":"https:\/\/erasmus.com.co\/Erasmus\/"},{"@type":"ListItem","position":2,"name":"Tienda","item":"https:\/\/erasmus.com.co\/Erasmus\/tienda\/"},{"@type":"ListItem","position":3,"name":"DANEO 400"}]},{"@type":"WebSite","@id":"https:\/\/erasmus.com.co\/Erasmus\/#website","url":"https:\/\/erasmus.com.co\/Erasmus\/","name":"Erasmus Colombia","description":"Ofrecemos productos y servicios de excelencia para el Sector Industrial","publisher":{"@id":"https:\/\/erasmus.com.co\/Erasmus\/#organization"},"potentialAction":[{"@type":"SearchAction","target":{"@type":"EntryPoint","urlTemplate":"https:\/\/erasmus.com.co\/Erasmus\/?s={search_term_string}"},"query-input":{"@type":"PropertyValueSpecification","valueRequired":true,"valueName":"search_term_string"}}],"inLanguage":"es-CO"},{"@type":"Organization","@id":"https:\/\/erasmus.com.co\/Erasmus\/#organization","name":"Erasmus Colombia","url":"https:\/\/erasmus.com.co\/Erasmus\/","logo":{"@type":"ImageObject","inLanguage":"es-CO","@id":"https:\/\/erasmus.com.co\/Erasmus\/#\/schema\/logo\/image\/","url":"https:\/\/erasmus.com.co\/Erasmus\/wp-content\/uploads\/2023\/02\/cropped-cropped-logo_erasmus.png","contentUrl":"https:\/\/erasmus.com.co\/Erasmus\/wp-content\/uploads\/2023\/02\/cropped-cropped-logo_erasmus.png","width":817,"height":163,"caption":"Erasmus Colombia"},"image":{"@id":"https:\/\/erasmus.com.co\/Erasmus\/#\/schema\/logo\/image\/"}}]}},"_links":{"self":[{"href":"https:\/\/erasmus.com.co\/Erasmus\/wp-json\/wp\/v2\/product\/9556","targetHints":{"allow":["GET"]}}],"collection":[{"href":"https:\/\/erasmus.com.co\/Erasmus\/wp-json\/wp\/v2\/product"}],"about":[{"href":"https:\/\/erasmus.com.co\/Erasmus\/wp-json\/wp\/v2\/types\/product"}],"wp:featuredmedia":[{"embeddable":true,"href":"https:\/\/erasmus.com.co\/Erasmus\/wp-json\/wp\/v2\/media\/4933"}],"wp:attachment":[{"href":"https:\/\/erasmus.com.co\/Erasmus\/wp-json\/wp\/v2\/media?parent=9556"}],"wp:term":[{"taxonomy":"product_brand","embeddable":true,"href":"https:\/\/erasmus.com.co\/Erasmus\/wp-json\/wp\/v2\/product_brand?post=9556"},{"taxonomy":"product_cat","embeddable":true,"href":"https:\/\/erasmus.com.co\/Erasmus\/wp-json\/wp\/v2\/product_cat?post=9556"},{"taxonomy":"product_tag","embeddable":true,"href":"https:\/\/erasmus.com.co\/Erasmus\/wp-json\/wp\/v2\/product_tag?post=9556"}],"curies":[{"name":"wp","href":"https:\/\/api.w.org\/{rel}","templated":true}]}}