{"id":9557,"date":"2025-09-04T15:35:41","date_gmt":"2025-09-04T15:35:41","guid":{"rendered":"https:\/\/erasmus.com.co\/Erasmus\/producto\/cmc-356\/"},"modified":"2025-11-27T17:49:16","modified_gmt":"2025-11-27T17:49:16","slug":"cmc-356","status":"publish","type":"product","link":"https:\/\/erasmus.com.co\/Erasmus\/producto\/cmc-356\/","title":{"rendered":"CMC 356"},"content":{"rendered":"<p><strong>El CMC 356 de Omicron<\/strong> es una soluci\u00f3n universal para probar todos los tipos de rel\u00e9s de protecci\u00f3n, con seis fuentes de corriente potentes y un modo trif\u00e1sico de hasta 64 A y 860 VA por canal. Su amplio rango din\u00e1mico la hace ideal para aplicaciones que requieren alta versatilidad y potencia, incluyendo rel\u00e9s electromec\u00e1nicos de alta carga. Es especialmente valorada por su capacidad para comprobar cableado y verificar transformadores de corriente mediante inyecci\u00f3n primaria de altas corrientes. Aunque ha sido reemplazada por la CMC 500, la CMC 356 sigue disponible y garantiza un rendimiento fiable.<\/p>\n","protected":false},"excerpt":{"rendered":"<h3><strong>Caracter\u00edsticas Principales:<\/strong><\/h3>\n<ul>\n<li>&#8220;Soluci\u00f3n universal para probar todos los tipos y generaciones de rel\u00e9s de protecci\u00f3n.<\/li>\n<li>Seis fuentes de corriente potentes que permiten realizar pruebas en modo trif\u00e1sico.<\/li>\n<li>Capacidad para probar rel\u00e9s electromec\u00e1nicos de alta carga y alta demanda de potencia.<\/li>\n<li>Ideal para aplicaciones que requieren alta versatilidad, amplitud y potencia.<\/li>\n<li>Capacidad para realizar comprobaciones de cableado y verificaci\u00f3n de transformadores de corriente mediante inyecci\u00f3n primaria de altas corrientes.<\/li>\n<li>F\u00e1cil integraci\u00f3n en tareas de puesta en servicio y mantenimiento de sistemas de protecci\u00f3n.<\/li>\n<li>Sustituida por la CMC 500, pero la CMC 356 seguir\u00e1 disponible para los usuarios.<\/li>\n<li>Modo trif\u00e1sico con hasta 64 A \/ 860 VA por canal. Rango din\u00e1mico amplio, adecuado para probar rel\u00e9s de protecci\u00f3n con altas demandas de potencia.<\/li>\n<li>Seis canales de corriente para pruebas simult\u00e1neas de m\u00faltiples rel\u00e9s.<\/li>\n<li>Inyecci\u00f3n primaria de corriente de alta intensidad para pruebas de transformadores de corriente y comprobaci\u00f3n de cableado.<\/li>\n<li>Fuente de corriente de alta potencia, ideal para rel\u00e9s electromec\u00e1nicos y de alta cara.<\/li>\n<li>Control y monitoreo remoto a trav\u00e9s de software para facilitar la configuraci\u00f3n y an\u00e1lisis de resultados.&#8221;<\/li>\n<\/ul>\n<p><img decoding=\"async\" class=\"alignnone wp-image-9704 \" src=\"https:\/\/erasmus.com.co\/Erasmus\/wp-content\/uploads\/2025\/09\/icono_pdf-1.png\" alt=\"\" width=\"38\" height=\"37\" srcset=\"https:\/\/erasmus.com.co\/Erasmus\/wp-content\/uploads\/2025\/09\/icono_pdf-1.png 149w, https:\/\/erasmus.com.co\/Erasmus\/wp-content\/uploads\/2025\/09\/icono_pdf-1-12x12.png 12w, https:\/\/erasmus.com.co\/Erasmus\/wp-content\/uploads\/2025\/09\/icono_pdf-1-100x100.png 100w\" sizes=\"(max-width: 38px) 100vw, 38px\" \/><strong>Descarga la Ficha T\u00e9cnica<\/strong> <a href=\"https:\/\/erasmus.com.co\/Erasmus\/wp-content\/uploads\/2025\/02\/CMC-356-Brochure-ENU.pdf\" target=\"_blank\" rel=\"noopener\"><strong>aqu\u00ed<\/strong><\/a><\/p>\n","protected":false},"featured_media":4896,"template":"","meta":{"_acf_changed":false},"product_brand":[40],"product_cat":[42],"product_tag":[],"class_list":{"0":"post-9557","1":"product","2":"type-product","3":"status-publish","4":"has-post-thumbnail","6":"product_brand-omicron","7":"product_cat-omicron","9":"first","10":"instock","11":"shipping-taxable","12":"product-type-simple"},"acf":[],"yoast_head":"<!-- This site is optimized with the Yoast SEO Premium plugin v24.6 (Yoast SEO v24.6) - https:\/\/yoast.com\/wordpress\/plugins\/seo\/ -->\n<title>CMC 356 (Omicron) - Erasmus Colombia<\/title>\n<meta name=\"description\" content=\"El CMC 356 de Omicron es una soluci\u00f3n para probar todos los tipos de rel\u00e9s de protecci\u00f3n, con 6 fuentes de corriente potentes y un modo trif\u00e1sico.\" \/>\n<meta name=\"robots\" content=\"index, follow, max-snippet:-1, max-image-preview:large, max-video-preview:-1\" \/>\n<link rel=\"canonical\" href=\"https:\/\/erasmus.com.co\/Erasmus\/producto\/cmc-356\/\" \/>\n<meta property=\"og:locale\" content=\"es_ES\" \/>\n<meta property=\"og:type\" content=\"article\" \/>\n<meta property=\"og:title\" content=\"CMC 356\" \/>\n<meta property=\"og:description\" content=\"El CMC 356 de Omicron es una soluci\u00f3n para probar todos los tipos de rel\u00e9s de protecci\u00f3n, con 6 fuentes de corriente potentes y un modo trif\u00e1sico.\" \/>\n<meta property=\"og:url\" content=\"https:\/\/erasmus.com.co\/Erasmus\/producto\/cmc-356\/\" \/>\n<meta property=\"og:site_name\" content=\"Erasmus Colombia\" \/>\n<meta property=\"article:modified_time\" content=\"2025-11-27T17:49:16+00:00\" \/>\n<meta property=\"og:image\" content=\"https:\/\/erasmus.com.co\/Erasmus\/wp-content\/uploads\/2025\/02\/Omicron_CMC-356.png\" \/>\n\t<meta property=\"og:image:width\" content=\"1400\" \/>\n\t<meta property=\"og:image:height\" content=\"956\" \/>\n\t<meta property=\"og:image:type\" content=\"image\/png\" \/>\n<meta name=\"twitter:card\" content=\"summary_large_image\" \/>\n<meta name=\"twitter:label1\" content=\"Tiempo de lectura\" \/>\n\t<meta name=\"twitter:data1\" content=\"1 minuto\" \/>\n<script type=\"application\/ld+json\" class=\"yoast-schema-graph\">{\"@context\":\"https:\/\/schema.org\",\"@graph\":[{\"@type\":\"WebPage\",\"@id\":\"https:\/\/erasmus.com.co\/Erasmus\/producto\/cmc-356\/\",\"url\":\"https:\/\/erasmus.com.co\/Erasmus\/producto\/cmc-356\/\",\"name\":\"CMC 356 (Omicron) - Erasmus Colombia\",\"isPartOf\":{\"@id\":\"https:\/\/erasmus.com.co\/Erasmus\/#website\"},\"primaryImageOfPage\":{\"@id\":\"https:\/\/erasmus.com.co\/Erasmus\/producto\/cmc-356\/#primaryimage\"},\"image\":{\"@id\":\"https:\/\/erasmus.com.co\/Erasmus\/producto\/cmc-356\/#primaryimage\"},\"thumbnailUrl\":\"https:\/\/erasmus.com.co\/Erasmus\/wp-content\/uploads\/2025\/02\/Omicron_CMC-356.png\",\"datePublished\":\"2025-09-04T15:35:41+00:00\",\"dateModified\":\"2025-11-27T17:49:16+00:00\",\"description\":\"El CMC 356 de Omicron es una soluci\u00f3n para probar todos los tipos de rel\u00e9s de protecci\u00f3n, con 6 fuentes de corriente potentes y un modo trif\u00e1sico.\",\"breadcrumb\":{\"@id\":\"https:\/\/erasmus.com.co\/Erasmus\/producto\/cmc-356\/#breadcrumb\"},\"inLanguage\":\"es-CO\",\"potentialAction\":[{\"@type\":\"ReadAction\",\"target\":[\"https:\/\/erasmus.com.co\/Erasmus\/producto\/cmc-356\/\"]}]},{\"@type\":\"ImageObject\",\"inLanguage\":\"es-CO\",\"@id\":\"https:\/\/erasmus.com.co\/Erasmus\/producto\/cmc-356\/#primaryimage\",\"url\":\"https:\/\/erasmus.com.co\/Erasmus\/wp-content\/uploads\/2025\/02\/Omicron_CMC-356.png\",\"contentUrl\":\"https:\/\/erasmus.com.co\/Erasmus\/wp-content\/uploads\/2025\/02\/Omicron_CMC-356.png\",\"width\":1400,\"height\":956},{\"@type\":\"BreadcrumbList\",\"@id\":\"https:\/\/erasmus.com.co\/Erasmus\/producto\/cmc-356\/#breadcrumb\",\"itemListElement\":[{\"@type\":\"ListItem\",\"position\":1,\"name\":\"Home\",\"item\":\"https:\/\/erasmus.com.co\/Erasmus\/\"},{\"@type\":\"ListItem\",\"position\":2,\"name\":\"Tienda\",\"item\":\"https:\/\/erasmus.com.co\/Erasmus\/tienda\/\"},{\"@type\":\"ListItem\",\"position\":3,\"name\":\"CMC 356\"}]},{\"@type\":\"WebSite\",\"@id\":\"https:\/\/erasmus.com.co\/Erasmus\/#website\",\"url\":\"https:\/\/erasmus.com.co\/Erasmus\/\",\"name\":\"Erasmus Colombia\",\"description\":\"Ofrecemos productos y servicios de excelencia para el Sector Industrial\",\"publisher\":{\"@id\":\"https:\/\/erasmus.com.co\/Erasmus\/#organization\"},\"potentialAction\":[{\"@type\":\"SearchAction\",\"target\":{\"@type\":\"EntryPoint\",\"urlTemplate\":\"https:\/\/erasmus.com.co\/Erasmus\/?s={search_term_string}\"},\"query-input\":{\"@type\":\"PropertyValueSpecification\",\"valueRequired\":true,\"valueName\":\"search_term_string\"}}],\"inLanguage\":\"es-CO\"},{\"@type\":\"Organization\",\"@id\":\"https:\/\/erasmus.com.co\/Erasmus\/#organization\",\"name\":\"Erasmus Colombia\",\"url\":\"https:\/\/erasmus.com.co\/Erasmus\/\",\"logo\":{\"@type\":\"ImageObject\",\"inLanguage\":\"es-CO\",\"@id\":\"https:\/\/erasmus.com.co\/Erasmus\/#\/schema\/logo\/image\/\",\"url\":\"https:\/\/erasmus.com.co\/Erasmus\/wp-content\/uploads\/2023\/02\/cropped-cropped-logo_erasmus.png\",\"contentUrl\":\"https:\/\/erasmus.com.co\/Erasmus\/wp-content\/uploads\/2023\/02\/cropped-cropped-logo_erasmus.png\",\"width\":817,\"height\":163,\"caption\":\"Erasmus Colombia\"},\"image\":{\"@id\":\"https:\/\/erasmus.com.co\/Erasmus\/#\/schema\/logo\/image\/\"}}]}<\/script>\n<!-- \/ Yoast SEO Premium plugin. -->","yoast_head_json":{"title":"CMC 356 (Omicron) - Erasmus Colombia","description":"El CMC 356 de Omicron es una soluci\u00f3n para probar todos los tipos de rel\u00e9s de protecci\u00f3n, con 6 fuentes de corriente potentes y un modo trif\u00e1sico.","robots":{"index":"index","follow":"follow","max-snippet":"max-snippet:-1","max-image-preview":"max-image-preview:large","max-video-preview":"max-video-preview:-1"},"canonical":"https:\/\/erasmus.com.co\/Erasmus\/producto\/cmc-356\/","og_locale":"es_ES","og_type":"article","og_title":"CMC 356","og_description":"El CMC 356 de Omicron es una soluci\u00f3n para probar todos los tipos de rel\u00e9s de protecci\u00f3n, con 6 fuentes de corriente potentes y un modo trif\u00e1sico.","og_url":"https:\/\/erasmus.com.co\/Erasmus\/producto\/cmc-356\/","og_site_name":"Erasmus Colombia","article_modified_time":"2025-11-27T17:49:16+00:00","og_image":[{"width":1400,"height":956,"url":"https:\/\/erasmus.com.co\/Erasmus\/wp-content\/uploads\/2025\/02\/Omicron_CMC-356.png","type":"image\/png"}],"twitter_card":"summary_large_image","twitter_misc":{"Tiempo de lectura":"1 minuto"},"schema":{"@context":"https:\/\/schema.org","@graph":[{"@type":"WebPage","@id":"https:\/\/erasmus.com.co\/Erasmus\/producto\/cmc-356\/","url":"https:\/\/erasmus.com.co\/Erasmus\/producto\/cmc-356\/","name":"CMC 356 (Omicron) - Erasmus Colombia","isPartOf":{"@id":"https:\/\/erasmus.com.co\/Erasmus\/#website"},"primaryImageOfPage":{"@id":"https:\/\/erasmus.com.co\/Erasmus\/producto\/cmc-356\/#primaryimage"},"image":{"@id":"https:\/\/erasmus.com.co\/Erasmus\/producto\/cmc-356\/#primaryimage"},"thumbnailUrl":"https:\/\/erasmus.com.co\/Erasmus\/wp-content\/uploads\/2025\/02\/Omicron_CMC-356.png","datePublished":"2025-09-04T15:35:41+00:00","dateModified":"2025-11-27T17:49:16+00:00","description":"El CMC 356 de Omicron es una soluci\u00f3n para probar todos los tipos de rel\u00e9s de protecci\u00f3n, con 6 fuentes de corriente potentes y un modo trif\u00e1sico.","breadcrumb":{"@id":"https:\/\/erasmus.com.co\/Erasmus\/producto\/cmc-356\/#breadcrumb"},"inLanguage":"es-CO","potentialAction":[{"@type":"ReadAction","target":["https:\/\/erasmus.com.co\/Erasmus\/producto\/cmc-356\/"]}]},{"@type":"ImageObject","inLanguage":"es-CO","@id":"https:\/\/erasmus.com.co\/Erasmus\/producto\/cmc-356\/#primaryimage","url":"https:\/\/erasmus.com.co\/Erasmus\/wp-content\/uploads\/2025\/02\/Omicron_CMC-356.png","contentUrl":"https:\/\/erasmus.com.co\/Erasmus\/wp-content\/uploads\/2025\/02\/Omicron_CMC-356.png","width":1400,"height":956},{"@type":"BreadcrumbList","@id":"https:\/\/erasmus.com.co\/Erasmus\/producto\/cmc-356\/#breadcrumb","itemListElement":[{"@type":"ListItem","position":1,"name":"Home","item":"https:\/\/erasmus.com.co\/Erasmus\/"},{"@type":"ListItem","position":2,"name":"Tienda","item":"https:\/\/erasmus.com.co\/Erasmus\/tienda\/"},{"@type":"ListItem","position":3,"name":"CMC 356"}]},{"@type":"WebSite","@id":"https:\/\/erasmus.com.co\/Erasmus\/#website","url":"https:\/\/erasmus.com.co\/Erasmus\/","name":"Erasmus Colombia","description":"Ofrecemos productos y servicios de excelencia para el Sector Industrial","publisher":{"@id":"https:\/\/erasmus.com.co\/Erasmus\/#organization"},"potentialAction":[{"@type":"SearchAction","target":{"@type":"EntryPoint","urlTemplate":"https:\/\/erasmus.com.co\/Erasmus\/?s={search_term_string}"},"query-input":{"@type":"PropertyValueSpecification","valueRequired":true,"valueName":"search_term_string"}}],"inLanguage":"es-CO"},{"@type":"Organization","@id":"https:\/\/erasmus.com.co\/Erasmus\/#organization","name":"Erasmus Colombia","url":"https:\/\/erasmus.com.co\/Erasmus\/","logo":{"@type":"ImageObject","inLanguage":"es-CO","@id":"https:\/\/erasmus.com.co\/Erasmus\/#\/schema\/logo\/image\/","url":"https:\/\/erasmus.com.co\/Erasmus\/wp-content\/uploads\/2023\/02\/cropped-cropped-logo_erasmus.png","contentUrl":"https:\/\/erasmus.com.co\/Erasmus\/wp-content\/uploads\/2023\/02\/cropped-cropped-logo_erasmus.png","width":817,"height":163,"caption":"Erasmus Colombia"},"image":{"@id":"https:\/\/erasmus.com.co\/Erasmus\/#\/schema\/logo\/image\/"}}]}},"_links":{"self":[{"href":"https:\/\/erasmus.com.co\/Erasmus\/wp-json\/wp\/v2\/product\/9557","targetHints":{"allow":["GET"]}}],"collection":[{"href":"https:\/\/erasmus.com.co\/Erasmus\/wp-json\/wp\/v2\/product"}],"about":[{"href":"https:\/\/erasmus.com.co\/Erasmus\/wp-json\/wp\/v2\/types\/product"}],"wp:featuredmedia":[{"embeddable":true,"href":"https:\/\/erasmus.com.co\/Erasmus\/wp-json\/wp\/v2\/media\/4896"}],"wp:attachment":[{"href":"https:\/\/erasmus.com.co\/Erasmus\/wp-json\/wp\/v2\/media?parent=9557"}],"wp:term":[{"taxonomy":"product_brand","embeddable":true,"href":"https:\/\/erasmus.com.co\/Erasmus\/wp-json\/wp\/v2\/product_brand?post=9557"},{"taxonomy":"product_cat","embeddable":true,"href":"https:\/\/erasmus.com.co\/Erasmus\/wp-json\/wp\/v2\/product_cat?post=9557"},{"taxonomy":"product_tag","embeddable":true,"href":"https:\/\/erasmus.com.co\/Erasmus\/wp-json\/wp\/v2\/product_tag?post=9557"}],"curies":[{"name":"wp","href":"https:\/\/api.w.org\/{rel}","templated":true}]}}